n = 4*f - 488, -2*f = -5*n + y - 295. Is f a prime number?
False
Let h(k) = k**2 + 7*k + 6. Let q be h(-6). Suppose -4*p - 4*i - 12 = q, 3*p - 5*i - 15 = -2*p. Suppose p*a + 2*a = 706. Is a composite?
False
Let o(r) = -4*r**2 - r + 15. Let q be o(0). Suppose -q*c = -22*c + 2653. Is c a composite number?
False
Let f be (200/(-5))/(2/(-8)). Let j = 801 - f. Is j a prime number?
True
Suppose -17*z + 8009 + 60824 = 0. Is z a composite number?
False
Suppose -5*p - 2*p = -70. Let w be 8/p*150/20. Suppose 4758 = w*z - 0*z. Is z a prime number?
False
Let g(b) = 3*b**2 + 5*b + 32173. Is g(0) a prime number?
True
Suppose 12*x - 13*x = -4. Suppose 0*a - 20 = -2*a - 2*v, -38 = -x*a - 3*v. Suppose a*y - 556 = 4*y. Is y a prime number?
True
Let w(l) = -l**2 - 3*l - 16. Let q be w(-7). Is 755/3 + q/66 prime?
True
Suppose 1 - 4 = -3*c. Suppose 4*o + c = 3*o, 0 = -3*r - o + 1334. Is r a prime number?
False
Suppose -a - 12 = -3*a. Let i = -4 + a. Let r(o) = 8*o**3 - o**2 - 2*o + 3. Is r(i) a prime number?
True
Suppose -5*q - k - 7304 - 17461 = 0, k = -q - 4953. Is q/(-26) + 2/4 composite?
False
Let a(c) = 19*c**2 - 97*c + 2. Is a(12) a composite number?
True
Let b = -8098 - -13104. Is b composite?
True
Let a = -3840 - -6881. Is a a prime number?
True
Is -1394*(-21)/42*(0 + 1) prime?
False
Is 4857/(-2)*-2 - 4 a prime number?
False
Is 123920/12 - 4/(-12) prime?
False
Let l(f) = 617*f**3 + 6*f**2 - f - 27. Is l(4) a prime number?
False
Let x = 84 - -1022. Let w = 1837 - x. Is w a composite number?
True
Let v(z) be the first derivative of -z**4/4 - 4*z**3/3 - 2*z**2 - 2*z + 8. Is v(-11) prime?
False
Let u(l) = 6*l + 22. Let c be u(-6). Let b = 5 - c. Is b a prime number?
True
Let y(z) = 4*z**3 + 12*z**2 - 10*z - 47. Is y(11) a prime number?
True
Let a be (-96444)/8 - (-1)/(-2). Let h = -7447 - a. Is h a composite number?
True
Let x(g) = g**3 + g**2 - g. Let k(r) = 2*r**3 + 13*r**2 - 5*r + 9. Let n(c) = k(c) - 3*x(c). Let m be n(9). Is 4/18 - (-5888)/m a composite number?
True
Is ((-11)/(-9) - 1) + (-27895)/(-63) a prime number?
True
Let n = -22 + 33. Suppose -16*a = -n*a - 12330. Suppose 2*k + a = 4*b, -4*b = -5*k + 4*k - 2471. Is b prime?
True
Let h be (0 + 2 - -1) + 17. Suppose 2*s = h + 362. Is s composite?
False
Suppose -3*z = 2*q - 1597, -4*z + 1113 = 2*q - 487. Let k = -535 + q. Let v = 368 - k. Is v composite?
False
Is (-1)/2 + ((-422523)/2)/(-9) composite?
False
Let c = 8373 + 18982. Is c a prime number?
False
Let h be ((-8)/20)/((-1)/10). Let u(k) = 9*k**2 + 4*k - 3. Let y be u(h). Suppose -3*z - y = -v - 5*z, z = -2*v + 302. Is v composite?
False
Suppose 5*z + 4*z = 864. Suppose -z = -9*j + 22035. Is j composite?
False
Let m(r) = -2*r + 2*r**2 + 0*r**2 + 1 - 4. Let z be m(-3). Let d = 43 - z. Is d a composite number?
True
Suppose -3*r = -r + 4*f - 1624, -2*r + 5*f = -1633. Suppose r + 1547 = 3*c. Is c prime?
True
Suppose -2*o - 14 + 1 = 3*f, 4*o = 3*f + 1. Is (-3078)/(-12) + o/(-4) a prime number?
True
Let k(l) = -648*l**3 + 2*l**2 + 3*l + 4. Let s be k(-2). Suppose -v + s = 5*z, 2*z - 9*v - 2103 = -4*v. Is z prime?
True
Let l = 71 - 71. Suppose -3*t = -l*t - 4*p - 20509, 2*t - 2*p = 13674. Is t a composite number?
True
Suppose 4*k - 3*h = h + 8632, -5*h - 25 = 0. Is k prime?
True
Suppose -2*t - 3*h - 2 = 0, -3*t + 4*h + 2 = -12. Suppose -t*d - 2*d = -1408. Suppose -2*u + 0*u = -3*z + d, -2*u + 474 = 4*z. Is z a composite number?
True
Let y(h) = h**2 - 2*h - 1. Let f(a) = a**3 - 4*a**2 + 3*a - 7. Let k be f(4). Let j be 6/3 - (k - -4). Is y(j) prime?
False
Let v = -7362 - -10559. Is v composite?
True
Let n be (-69)/(-2) - (-2)/4. Let z be (-28)/n*(-5)/2. Suppose -k = -2, -z*k - 168 - 253 = -5*v. Is v a prime number?
False
Let c = 20 + -17. Suppose -1 = 2*g - c. Let s = g + 120. Is s a composite number?
True
Suppose -4*u - 3*x + 29641 = -4*x, 0 = 4*x - 12. Is u a composite number?
False
Let a(s) = -25*s - 68. Let y = 120 + -138. Is a(y) composite?
True
Let d = 876 + -523. Is d composite?
False
Suppose 2*u - 3 = 3. Suppose -u*z = -5*w + 3670, w + z - 752 = -2*z. Is w a prime number?
False
Suppose 2*j - 27 = -5*o, j + 25 = 3*j + 3*o. Suppose 2*z - 4*d + 8*d = 15438, -z + 5*d + 7705 = 0. Suppose 6*c - j*c = -z. Is c prime?
True
Let f be ((-4)/(-3))/((-14)/(-1407)). Let m be 5 + -8 - (0 + -28). Let n = f - m. Is n composite?
False
Let i(r) = 2*r**3 - r**2 - 7*r + 1. Let l(o) = -o**2 - 5*o - 1. Let d be l(-4). Let h be i(d). Let u = h + 12. Is u a composite number?
False
Suppose -43*m + 7697 = -0*m. Is m a prime number?
True
Is 2725613/165 + (-10)/(-75) composite?
False
Let i(a) = 29*a - 4. Let p(q) = 88*q - 13. Let t be (-2)/(-4)*(-42)/(-3). Let c(f) = t*i(f) - 2*p(f). Is c(3) a prime number?
True
Is (-2 + 10 + -6)*(-7814)/(-4) composite?
False
Let z be (296/(-3))/(4/(-12)). Suppose -1421 = 5*p - z. Is (-3 + p/12)*-4 a prime number?
False
Let q be (-1 - 19)/(5/(-5)). Suppose q*u - 1304 = 12*u. Is u a composite number?
False
Is (-3 + 1)/((-43461)/8691 + 5) a prime number?
True
Let v be (-3 - -3)*3/(-6). Suppose -3*g - 9 = v, -g = 4*c - 2*g - 15. Suppose 0 = -c*t - 6, -2*m + 4*t = -3*m + 71. Is m composite?
False
Suppose 2*x + 4*a = 2392, 24*x + 3*a = 26*x - 2357. Is x composite?
True
Let a = 139 - 69. Let r = a + 21. Is (-1)/((-1)/r + 0) a composite number?
True
Suppose -20 = -5*q - 2*j, -4*q + 2*j + 5 = -11. Is 2/3 + (2994/18 - q) a composite number?
False
Suppose 0*z - 2*z + 4*a + 34 = 0, 0 = 4*z - 5*a - 83. Let r = 19 - z. Is (0 - -149)*(9 + r) a prime number?
True
Suppose -4*o - 9 = 3*a + o, -4*a - 4*o = 4. Let m(t) = 2*t**2 - 3 + 2*t**2 + t + 4. Is m(a) composite?
False
Let w be ((-120)/(-18) + -7)*(-1 - 11). Suppose 5*i + 27 = 2*r, r + w*i = -0*r - 6. Is r prime?
False
Let g(n) be the first derivative of 19*n**3/3 - n**2/2 - n + 30. Is g(-6) prime?
False
Suppose 9*a = -a + 9190. Is a composite?
False
Let n = 2170 + -43. Is n a prime number?
False
Let r(a) = 2*a**2 + 10*a - 10. Let p be r(-6). Is p/7 + 15308/28 composite?
False
Suppose 3*t - t = -2*h + 1596, 0 = -2*h + 2. Is t composite?
False
Let r(c) = -2*c + 10. Let p be r(7). Is (-98 + 4)*2/p composite?
False
Let c = 138 - 210. Let i be (50/6)/((-2)/c). Let v = i + -166. Is v a composite number?
True
Suppose 0*b + 2*b = -4. Let q = 0 - b. Suppose q*t + 5*f - 311 = 590, 455 = t + 4*f. Is t a composite number?
False
Let w(l) = l**3 + 10. Let q be w(0). Suppose 13*t - q*t = 207. Is t a composite number?
True
Let h = 891 + 5501. Suppose 3*r = -c - 0*c + h, -2*c - 4*r = -12782. Is c prime?
True
Suppose -18*j = -100291 - 29831. Is j prime?
True
Suppose 4*x + 3*b = 2*x + 5881, -x + 2940 = b. Is x composite?
False
Let c(d) = 31*d**2 + d + 5. Suppose 3*s + 0*h = -h - 1, -5*s + 5*h - 35 = 0. Let t be (4 + (-7 - -4))*s. Is c(t) a prime number?
True
Suppose 4*k - f - 2457 = 3*k, -4910 = -2*k + f. Is k a prime number?
False
Let j = -1619 + 2982. Is j prime?
False
Let q be 4/12 + 8/3. Suppose 0 = 2*t + 3*t - 1910. Suppose t = -p + q*p. Is p prime?
True
Is (-8)/80*-15325*12/10 prime?
False
Suppose 0*k - 12 = -4*k + 3*g, 4*g = 2*k - 16. Is 7/28*(3412 + k) a prime number?
True
Let a(c) be the second derivative of c**4 + 8*c**2 + 14*c + 8/3*c**3 + 0 - 1/20*c**5. Is a(13) a composite number?
True
Suppose 0*w + 2*w = -12. Let f be ((-2086)/21)/((-4)/w). Let o = 232 - f. Is o prime?
False
Suppose -2*h - 20 = -0*h. Let u be ((-2)/(-6))/(h/(-5310)). Suppose -2*j - j + u = 0. Is j prime?
True
Let x be (4/14)/(1/7). Suppose -5*m - 10 = -3*q, x*q - 4 = -0*q + 2*m. Suppose -d + 3*d - f - 21 = q, 4*d - 72 = -4*f. Is d composite?
False
Let b(a) = -a**3 + 2*a**3 + 2 - 7*a**2 - 2*a**2 - 10*a. Let x be b(10). Is 29 - (1 + 0) - x composite?
True
Suppose 0 = -2*d - 3*u + 770, 3*d + u = -d + 1530. Let i = d + -181. Is i prime?
False
Suppose -9 = 15*j - 18*j. Let d(i) = 8*i**3 + 3*i**2 + 6. Is d(j) a prime number?
False
Suppose -2*p + 4*p = 6. Suppose -5*q - 4*d + 2*d = -669, -p*d - 659 = -5*q. Is q prime?
False
Let p = 7 + -10. Let c(r) = -5*r**3 + 5*r + 3. Is c(p) a prime number?
False
Suppose i + 129 = 230. Let b = i + 60. Is b composite?
True
Let y be (0 - -1)/(-4*(-3)/19500). Let s = -94 + y. Is s a prime number?
True
Let c(g) = -g**2 - 5*g + 8. Let y be c(-7). Let i = -18 - y. Let p(s) = s**3 + 13*s**2 - 8*s + 11. Is p(i) prim